{"id":156,"date":"2020-02-27T19:54:24","date_gmt":"2020-02-27T19:54:24","guid":{"rendered":"https:\/\/www.sg-obereichstaett.de\/?page_id=156"},"modified":"2024-01-02T10:51:50","modified_gmt":"2024-01-02T10:51:50","slug":"schueler-jugend","status":"publish","type":"page","link":"https:\/\/www.sg-obereichstaett.de\/index.php\/schueler-jugend\/","title":{"rendered":"Sch\u00fcler\/Jugend"},"content":{"rendered":"\n<figure class=\"wp-block-image size-full\"><img loading=\"lazy\" decoding=\"async\" width=\"653\" height=\"768\" src=\"https:\/\/www.sg-obereichstaett.de\/wp-content\/uploads\/2023\/12\/Homepage_Jugendschiessen-1.png\" alt=\"\" class=\"wp-image-249\" srcset=\"https:\/\/www.sg-obereichstaett.de\/wp-content\/uploads\/2023\/12\/Homepage_Jugendschiessen-1.png 653w, https:\/\/www.sg-obereichstaett.de\/wp-content\/uploads\/2023\/12\/Homepage_Jugendschiessen-1-255x300.png 255w\" sizes=\"auto, (max-width: 653px) 100vw, 653px\" \/><\/figure>\n\n\n\n<h6 class=\"wp-block-heading\">Sch\u00fcler- u. Jugendtraining mit Inhalten der DSB-Jugend und der Fa. DISAG<\/h6>\n\n\n\n<h2 class=\"wp-block-heading\">Das erwartet dich bei uns<\/h2>\n\n\n\n<p>Unsere moderne Disag-Schie\u00dfanlage verf\u00fcgt \u00fcber 10 elektronische Schie\u00dfst\u00e4nde, die um 3 Lichtgewehrschie\u00dfst\u00e4nde erweitert wurde. &nbsp;Somit geben wir im Verein bereits unseren Kleinen die M\u00f6glichkeit bereits mit 8 Jahren an den Schie\u00dfstand zu treten und sie langsam an den Umgang mit den Sportger\u00e4ten heranzuf\u00fchren. Mit dem Lichtgewehr wird mittels eines Lichtsignals ins &nbsp;Ziel visiert \u2013 ganz ohne Munition.<\/p>\n\n\n\n<p>Unserem Nachwuchs und Jungsch\u00fctzen wird die Ausr\u00fcstung f\u00fcr den Trainings- u. Rundenwettkampfbetrieb aus dem vereinsinternen Pool f\u00fcr die Zeit zur Verf\u00fcgung gestellt.<\/p>\n\n\n\n<h2 class=\"wp-block-heading\">F\u00fcr deine Eltern<\/h2>\n\n\n\n<p>Sollten deine Eltern dich zum Sch\u00fcler- u. Jugendschie\u00dfen begleiten wollen, w\u00fcrden wir uns sehr freuen, da wir es auch als unsere Aufgabe im Verein sehen, Aufkl\u00e4rungsarbeit gegen \u00fcber den teilweise doch intensiven Berichten der Medien zu leisten. Unsere ausgebildeten Jugend- u. Vereins\u00fcbungsleiter zeigen ihnen auch gerne unsere R\u00e4umlichkeiten und bringen ihnen unsere Trainingsabl\u00e4ufe n\u00e4her!<\/p>\n\n\n\n<p>M\u00f6glicherweise k\u00f6nnen wir somit nicht nur dich, sondern auch deine Mama und Papa f\u00fcr den Schie\u00dfsport und unser Vereinsleben begeistern.<\/p>\n\n\n\n<p><\/p>\n\n\n\n<h2 class=\"wp-block-heading\">Wusstest du schon&#8230;<\/h2>\n\n\n\n<p>\u2026 dass Sportschie\u00dfen eine olympische Sportart ist? In diesem Gedanken werden K\u00f6rper und Geist versucht in Einklang zu bringen und die V\u00f6lker im friedlichen Wettstreit zusammenzuf\u00fchren.<\/p>\n\n\n\n<p>Dieser Gedanke wird, zusammen mit den Werten des Gemeinschaftsgef\u00fchls, Integrit\u00e4t und Ehrgeiz bei uns im Verein gelebt.<\/p>\n\n\n\n<h2 class=\"wp-block-heading\">Infoseiten\/Links<\/h2>\n\n\n\n<div class=\"wp-block-buttons is-layout-flex wp-block-buttons-is-layout-flex\">\n<div class=\"wp-block-button\"><a class=\"wp-block-button__link wp-element-button\" href=\"https:\/\/schuetzengau-eichstaett.de\/index.php\/jugend\">Sch\u00fctzengau Eichst\u00e4tt &#8211; Jugend<\/a><\/div>\n\n\n\n<div class=\"wp-block-button\"><a class=\"wp-block-button__link wp-element-button\" href=\"https:\/\/www.bssj.de\/\">Bayerische Sportsch\u00fctzenjugend<\/a><\/div>\n\n\n\n<div class=\"wp-block-button\"><a class=\"wp-block-button__link wp-element-button\" href=\"https:\/\/www.dsb.de\/jugend\">Deutsche Sportsch\u00fctzenjugend<\/a><\/div>\n\n\n\n<div class=\"wp-block-button\"><a class=\"wp-block-button__link wp-element-button\" href=\"https:\/\/www.disag.de\/produkte\/reddot-lichtschiessen\/\">Disag &#8211; RedDot Lichtschie\u00dfen<\/a><\/div>\n<\/div>\n","protected":false},"excerpt":{"rendered":"<p>Sch\u00fcler- u. Jugendtraining mit Inhalten der DSB-Jugend und der Fa. DISAG Das erwartet dich bei uns Unsere moderne Disag-Schie\u00dfanlage verf\u00fcgt<\/p>\n","protected":false},"author":1,"featured_media":0,"parent":0,"menu_order":0,"comment_status":"closed","ping_status":"closed","template":"","meta":{"colormag_page_layout":"default_layout","footnotes":""},"class_list":["post-156","page","type-page","status-publish","hentry"],"yoast_head":"<!-- This site is optimized with the Yoast SEO plugin v22.9 - https:\/\/yoast.com\/wordpress\/plugins\/seo\/ -->\n<title>Sch\u00fcler\/Jugend - SG Obereichst\u00e4tt<\/title>\n<meta name=\"robots\" content=\"index, follow, max-snippet:-1, max-image-preview:large, max-video-preview:-1\" \/>\n<link rel=\"canonical\" href=\"https:\/\/www.sg-obereichstaett.de\/index.php\/schueler-jugend\/\" \/>\n<meta property=\"og:locale\" content=\"de_DE\" \/>\n<meta property=\"og:type\" content=\"article\" \/>\n<meta property=\"og:title\" content=\"Sch\u00fcler\/Jugend - SG Obereichst\u00e4tt\" \/>\n<meta property=\"og:description\" content=\"Sch\u00fcler- u. Jugendtraining mit Inhalten der DSB-Jugend und der Fa. DISAG Das erwartet dich bei uns Unsere moderne Disag-Schie\u00dfanlage verf\u00fcgt\" \/>\n<meta property=\"og:url\" content=\"https:\/\/www.sg-obereichstaett.de\/index.php\/schueler-jugend\/\" \/>\n<meta property=\"og:site_name\" content=\"SG Obereichst\u00e4tt\" \/>\n<meta property=\"article:modified_time\" content=\"2024-01-02T10:51:50+00:00\" \/>\n<meta property=\"og:image\" content=\"https:\/\/www.sg-obereichstaett.de\/wp-content\/uploads\/2023\/12\/Homepage_Jugendschiessen-1.png\" \/>\n<meta name=\"twitter:card\" content=\"summary_large_image\" \/>\n<meta name=\"twitter:label1\" content=\"Gesch\u00e4tzte Lesezeit\" \/>\n\t<meta name=\"twitter:data1\" content=\"2\u00a0Minuten\" \/>\n<script type=\"application\/ld+json\" class=\"yoast-schema-graph\">{\"@context\":\"https:\/\/schema.org\",\"@graph\":[{\"@type\":\"WebPage\",\"@id\":\"https:\/\/www.sg-obereichstaett.de\/index.php\/schueler-jugend\/\",\"url\":\"https:\/\/www.sg-obereichstaett.de\/index.php\/schueler-jugend\/\",\"name\":\"Sch\u00fcler\/Jugend - SG Obereichst\u00e4tt\",\"isPartOf\":{\"@id\":\"https:\/\/www.sg-obereichstaett.de\/#website\"},\"primaryImageOfPage\":{\"@id\":\"https:\/\/www.sg-obereichstaett.de\/index.php\/schueler-jugend\/#primaryimage\"},\"image\":{\"@id\":\"https:\/\/www.sg-obereichstaett.de\/index.php\/schueler-jugend\/#primaryimage\"},\"thumbnailUrl\":\"https:\/\/www.sg-obereichstaett.de\/wp-content\/uploads\/2023\/12\/Homepage_Jugendschiessen-1.png\",\"datePublished\":\"2020-02-27T19:54:24+00:00\",\"dateModified\":\"2024-01-02T10:51:50+00:00\",\"breadcrumb\":{\"@id\":\"https:\/\/www.sg-obereichstaett.de\/index.php\/schueler-jugend\/#breadcrumb\"},\"inLanguage\":\"de\",\"potentialAction\":[{\"@type\":\"ReadAction\",\"target\":[\"https:\/\/www.sg-obereichstaett.de\/index.php\/schueler-jugend\/\"]}]},{\"@type\":\"ImageObject\",\"inLanguage\":\"de\",\"@id\":\"https:\/\/www.sg-obereichstaett.de\/index.php\/schueler-jugend\/#primaryimage\",\"url\":\"https:\/\/www.sg-obereichstaett.de\/wp-content\/uploads\/2023\/12\/Homepage_Jugendschiessen-1.png\",\"contentUrl\":\"https:\/\/www.sg-obereichstaett.de\/wp-content\/uploads\/2023\/12\/Homepage_Jugendschiessen-1.png\",\"width\":653,\"height\":768},{\"@type\":\"BreadcrumbList\",\"@id\":\"https:\/\/www.sg-obereichstaett.de\/index.php\/schueler-jugend\/#breadcrumb\",\"itemListElement\":[{\"@type\":\"ListItem\",\"position\":1,\"name\":\"Home\",\"item\":\"https:\/\/www.sg-obereichstaett.de\/\"},{\"@type\":\"ListItem\",\"position\":2,\"name\":\"Sch\u00fcler\/Jugend\"}]},{\"@type\":\"WebSite\",\"@id\":\"https:\/\/www.sg-obereichstaett.de\/#website\",\"url\":\"https:\/\/www.sg-obereichstaett.de\/\",\"name\":\"SG Obereichst\u00e4tt\",\"description\":\"Sch\u00fctzengesellschaft &quot;Gut Heil&quot; Obereichst\u00e4tt 1884 e.V.\",\"publisher\":{\"@id\":\"https:\/\/www.sg-obereichstaett.de\/#organization\"},\"potentialAction\":[{\"@type\":\"SearchAction\",\"target\":{\"@type\":\"EntryPoint\",\"urlTemplate\":\"https:\/\/www.sg-obereichstaett.de\/?s={search_term_string}\"},\"query-input\":\"required name=search_term_string\"}],\"inLanguage\":\"de\"},{\"@type\":\"Organization\",\"@id\":\"https:\/\/www.sg-obereichstaett.de\/#organization\",\"name\":\"SG Obereichst\u00e4tt\",\"url\":\"https:\/\/www.sg-obereichstaett.de\/\",\"logo\":{\"@type\":\"ImageObject\",\"inLanguage\":\"de\",\"@id\":\"https:\/\/www.sg-obereichstaett.de\/#\/schema\/logo\/image\/\",\"url\":\"https:\/\/www.sg-obereichstaett.de\/wp-content\/uploads\/2019\/12\/cropped-sgoei-logo_512-4.png\",\"contentUrl\":\"https:\/\/www.sg-obereichstaett.de\/wp-content\/uploads\/2019\/12\/cropped-sgoei-logo_512-4.png\",\"width\":250,\"height\":250,\"caption\":\"SG Obereichst\u00e4tt\"},\"image\":{\"@id\":\"https:\/\/www.sg-obereichstaett.de\/#\/schema\/logo\/image\/\"}}]}<\/script>\n<!-- \/ Yoast SEO plugin. -->","yoast_head_json":{"title":"Sch\u00fcler\/Jugend - SG Obereichst\u00e4tt","robots":{"index":"index","follow":"follow","max-snippet":"max-snippet:-1","max-image-preview":"max-image-preview:large","max-video-preview":"max-video-preview:-1"},"canonical":"https:\/\/www.sg-obereichstaett.de\/index.php\/schueler-jugend\/","og_locale":"de_DE","og_type":"article","og_title":"Sch\u00fcler\/Jugend - SG Obereichst\u00e4tt","og_description":"Sch\u00fcler- u. Jugendtraining mit Inhalten der DSB-Jugend und der Fa. DISAG Das erwartet dich bei uns Unsere moderne Disag-Schie\u00dfanlage verf\u00fcgt","og_url":"https:\/\/www.sg-obereichstaett.de\/index.php\/schueler-jugend\/","og_site_name":"SG Obereichst\u00e4tt","article_modified_time":"2024-01-02T10:51:50+00:00","og_image":[{"url":"https:\/\/www.sg-obereichstaett.de\/wp-content\/uploads\/2023\/12\/Homepage_Jugendschiessen-1.png"}],"twitter_card":"summary_large_image","twitter_misc":{"Gesch\u00e4tzte Lesezeit":"2\u00a0Minuten"},"schema":{"@context":"https:\/\/schema.org","@graph":[{"@type":"WebPage","@id":"https:\/\/www.sg-obereichstaett.de\/index.php\/schueler-jugend\/","url":"https:\/\/www.sg-obereichstaett.de\/index.php\/schueler-jugend\/","name":"Sch\u00fcler\/Jugend - SG Obereichst\u00e4tt","isPartOf":{"@id":"https:\/\/www.sg-obereichstaett.de\/#website"},"primaryImageOfPage":{"@id":"https:\/\/www.sg-obereichstaett.de\/index.php\/schueler-jugend\/#primaryimage"},"image":{"@id":"https:\/\/www.sg-obereichstaett.de\/index.php\/schueler-jugend\/#primaryimage"},"thumbnailUrl":"https:\/\/www.sg-obereichstaett.de\/wp-content\/uploads\/2023\/12\/Homepage_Jugendschiessen-1.png","datePublished":"2020-02-27T19:54:24+00:00","dateModified":"2024-01-02T10:51:50+00:00","breadcrumb":{"@id":"https:\/\/www.sg-obereichstaett.de\/index.php\/schueler-jugend\/#breadcrumb"},"inLanguage":"de","potentialAction":[{"@type":"ReadAction","target":["https:\/\/www.sg-obereichstaett.de\/index.php\/schueler-jugend\/"]}]},{"@type":"ImageObject","inLanguage":"de","@id":"https:\/\/www.sg-obereichstaett.de\/index.php\/schueler-jugend\/#primaryimage","url":"https:\/\/www.sg-obereichstaett.de\/wp-content\/uploads\/2023\/12\/Homepage_Jugendschiessen-1.png","contentUrl":"https:\/\/www.sg-obereichstaett.de\/wp-content\/uploads\/2023\/12\/Homepage_Jugendschiessen-1.png","width":653,"height":768},{"@type":"BreadcrumbList","@id":"https:\/\/www.sg-obereichstaett.de\/index.php\/schueler-jugend\/#breadcrumb","itemListElement":[{"@type":"ListItem","position":1,"name":"Home","item":"https:\/\/www.sg-obereichstaett.de\/"},{"@type":"ListItem","position":2,"name":"Sch\u00fcler\/Jugend"}]},{"@type":"WebSite","@id":"https:\/\/www.sg-obereichstaett.de\/#website","url":"https:\/\/www.sg-obereichstaett.de\/","name":"SG Obereichst\u00e4tt","description":"Sch\u00fctzengesellschaft &quot;Gut Heil&quot; Obereichst\u00e4tt 1884 e.V.","publisher":{"@id":"https:\/\/www.sg-obereichstaett.de\/#organization"},"potentialAction":[{"@type":"SearchAction","target":{"@type":"EntryPoint","urlTemplate":"https:\/\/www.sg-obereichstaett.de\/?s={search_term_string}"},"query-input":"required name=search_term_string"}],"inLanguage":"de"},{"@type":"Organization","@id":"https:\/\/www.sg-obereichstaett.de\/#organization","name":"SG Obereichst\u00e4tt","url":"https:\/\/www.sg-obereichstaett.de\/","logo":{"@type":"ImageObject","inLanguage":"de","@id":"https:\/\/www.sg-obereichstaett.de\/#\/schema\/logo\/image\/","url":"https:\/\/www.sg-obereichstaett.de\/wp-content\/uploads\/2019\/12\/cropped-sgoei-logo_512-4.png","contentUrl":"https:\/\/www.sg-obereichstaett.de\/wp-content\/uploads\/2019\/12\/cropped-sgoei-logo_512-4.png","width":250,"height":250,"caption":"SG Obereichst\u00e4tt"},"image":{"@id":"https:\/\/www.sg-obereichstaett.de\/#\/schema\/logo\/image\/"}}]}},"jetpack_sharing_enabled":true,"_links":{"self":[{"href":"https:\/\/www.sg-obereichstaett.de\/index.php\/wp-json\/wp\/v2\/pages\/156","targetHints":{"allow":["GET"]}}],"collection":[{"href":"https:\/\/www.sg-obereichstaett.de\/index.php\/wp-json\/wp\/v2\/pages"}],"about":[{"href":"https:\/\/www.sg-obereichstaett.de\/index.php\/wp-json\/wp\/v2\/types\/page"}],"author":[{"embeddable":true,"href":"https:\/\/www.sg-obereichstaett.de\/index.php\/wp-json\/wp\/v2\/users\/1"}],"replies":[{"embeddable":true,"href":"https:\/\/www.sg-obereichstaett.de\/index.php\/wp-json\/wp\/v2\/comments?post=156"}],"version-history":[{"count":5,"href":"https:\/\/www.sg-obereichstaett.de\/index.php\/wp-json\/wp\/v2\/pages\/156\/revisions"}],"predecessor-version":[{"id":272,"href":"https:\/\/www.sg-obereichstaett.de\/index.php\/wp-json\/wp\/v2\/pages\/156\/revisions\/272"}],"wp:attachment":[{"href":"https:\/\/www.sg-obereichstaett.de\/index.php\/wp-json\/wp\/v2\/media?parent=156"}],"curies":[{"name":"wp","href":"https:\/\/api.w.org\/{rel}","templated":true}]}}